remainder when 69536 is divided by 218.
212
Calculate the remainder when 110598 is divided by 248.
238
What is the remainder when 2143 is divided by 19?
15
Calculate the remainder when 10390 is divided by 1837.
1205
Calculate the remainder when 116187 is divided by 70.
57
Calculate the remainder when 20224 is divided by 389.
385
What is the remainder when 21613 is divided by 202?
201
What is the remainder when 104376 is divided by 18?
12
Calculate the remainder when 2875 is divided by 115.
0
What is the remainder when 7689 is divided by 310?
249
What is the remainder when 7736 is divided by 73?
71
What is the remainder when 39468 is divided by 21?
9
What is the remainder when 686 is divided by 313?
60
What is the remainder when 1403 is divided by 246?
173
What is the remainder when 662832 is divided by 491?
473
Calculate the remainder when 309328 is divided by 16.
0
Calculate the remainder when 27879 is divided by 68.
67
What is the remainder when 35208 is divided by 97?
94
Calculate the remainder when 912 is divided by 5.
2
What is the remainder when 3525 is divided by 125?
25
What is the remainder when 6479 is divided by 6401?
78
What is the remainder when 2587 is divided by 780?
247
What is the remainder when 161 is divided by 28?
21
Calculate the remainder when 269727 is divided by 25.
2
What is the remainder when 1920189 is divided by 292?
289
What is the remainder when 79918 is divided by 90?
88
Calculate the remainder when 9521 is divided by 244.
5
Calculate the remainder when 211888 is divided by 105918.
52
What is the remainder when 16777 is divided by 4190?
17
What is the remainder when 568743 is divided by 281?
280
What is the remainder when 41674 is divided by 1437?
1
Calculate the remainder when 1082 is divided by 485.
112
What is the remainder when 162758 is divided by 357?
323
What is the remainder when 1548394 is divided by 5?
4
Calculate the remainder when 3512 is divided by 575.
62
Calculate the remainder when 37974 is divided by 543.
507
What is the remainder when 9266 is divided by 90?
86
What is the remainder when 4728357 is divided by 780?
777
What is the remainder when 31 is divided by 29?
2
Calculate the remainder when 2203 is divided by 722.
37
What is the remainder when 31698 is divided by 1440?
18
Calculate the remainder when 18756 is divided by 73.
68
What is the remainder when 273 is divided by 92?
89
What is the remainder when 5603 is divided by 243?
14
What is the remainder when 68892 is divided by 37?
35
What is the remainder when 5805351 is divided by 28?
27
Calculate the remainder when 5680 is divided by 5680.
0
Calculate the remainder when 491229 is divided by 402.
387
What is the remainder when 28371 is divided by 2611?
2261
What is the remainder when 408940 is divided by 30?
10
Calculate the remainder when 655327 is divided by 16.
15
Calculate the remainder when 46170 is divided by 1712.
1658
What is the remainder when 359826 is divided by 359807?
19
Calculate the remainder when 4184 is divided by 110.
4
Calculate the remainder when 28807 is divided by 57.
22
Calculate the remainder when 6049 is divided by 21.
1
Calculate the remainder when 195485 is divided by 4.
1
Calculate the remainder when 41226 is divided by 133.
129
Calculate the remainder when 22826 is divided by 439.
437
Calculate the remainder when 54387 is divided by 185.
182
Calculate the remainder when 17742 is divided by 56.
46
Calculate the remainder when 5723 is divided by 60.
23
What is the remainder when 70848 is divided by 499?
489
Calculate the remainder when 4038 is divided by 578.
570
What is the remainder when 365900 is divided by 863?
851
What is the remainder when 171388 is divided by 14277?
64
Calculate the remainder when 4094 is divided by 64.
62
What is the remainder when 20107 is divided by 1985?
257
Calculate the remainder when 295588 is divided by 73.
11
Calculate the remainder when 299463 is divided by 676.
671
What is the remainder when 197 is divided by 134?
63
Calculate the remainder when 860 is divided by 183.
128
What is the remainder when 11085 is divided by 43?
34
What is the remainder when 168404 is divided by 86?
16
What is the remainder when 65210 is divided by 100?
10
Calculate the remainder when 79567 is divided by 24.
7
Calculate the remainder when 12950 is divided by 868.
798
Calculate the remainder when 14957 is divided by 174.
167
What is the remainder when 15106 is divided by 150?
106
Calculate the remainder when 689780 is divided by 12.
8
Calculate the remainder when 1154 is divided by 545.
64
Calculate the remainder when 4969 is divided by 1018.
897
Calculate the remainder when 3857591 is divided by 202.
199
What is the remainder when 32145 is divided by 17?
15
What is the remainder when 460 is divided by 373?
87
What is the remainder when 4680 is divided by 940?
920
Calculate the remainder when 177811 is divided by 7.
4
Calculate the remainder when 5910 is divided by 450.
60
What is the remainder when 30900 is divided by 251?
27
Calculate the remainder when 5329 is divided by 55.
49
Calculate the remainder when 15391 is divided by 3756.
367
What is the remainder when 6649 is divided by 4?
1
Calculate the remainder when 9136 is divided by 176.
160
What is the remainder when 82325 is divided by 49?
5
Calculate the remainder when 4952 is divided by 62.
54
What is the remainder when 16284 is divided by 467?
406
What is the remainder when 1721 is divided by 73?
42
Calculate the remainder when 128209 is divided by 76.
73
Calculate the remainder when 4198677 is divided by 327.
324
What is the remainder when 798124 is divided by 1302?
1300
What is the remainder when 88169 is divided by 10?
9
Calculate the remainder when 32256 is divided by 32247.
9
What is the remainder when 43942 is divided by 187?
184
What is the remainder when 29077 is divided by 10?
7
What is the remainder when 262862 is divided by 196?
26
Calculate the remainder when 9968 is divided by 2806.
1550
Calculate the remainder when 7190 is divided by 60.
50
Calculate the remainder when 81575 is divided by 27190.
5
Calculate the remainder when 23173 is divided by 2893.
29
What is the remainder when 82229 is divided by 903?
56
Calculate the remainder when 4972 is divided by 235.
37
What is the remainder when 2362 is divided by 714?
220
Calculate the remainder when 26914 is divided by 6721.
30
What is the remainder when 552 is divided by 39?
6
What is the remainder when 674562 is divided by 324?
318
What is the remainder when 13564 is divided by 1695?
4
Calculate the remainder when 632 is divided by 187.
71
What is the remainder when 6242 is divided by 18?
14
Calculate the remainder when 109856 is divided by 27443.
84
Calculate the remainder when 3951521 is divided by 177.
173
Calculate the remainder when 2273961 is divided by 1284.
1281
Calculate the remainder when 247516 is divided by 182.
178
What is the remainder when 22132 is divided by 238?
236
What is the remainder when 5578 is divided by 91?
27
Calculate the remainder when 23906 is divided by 665.
631
What is the remainder when 288280 is divided by 139?
133
What is the remainder when 82235 is divided by 257?
252
What is the remainder when 68742 is divided by 283?
256
What is the remainder when 90465 is divided by 30145?
30
Calculate the remainder when 15327 is divided by 7654.
19
Calculate the remainder when 98911 is divided by 1124.
1123
What is the remainder when 22461 is divided by 468?
465
What is the remainder when 135368 is divided by 233?
228
What is the remainder when 71416 is divided by 17?
16
What is the remainder when 145364 is divided by 1563?
5
Calculate the remainder when 56666 is divided by 37.
19
What is the remainder when 7419 is divided by 1688?
667
What is the remainder when 6711 is divided by 8?
7
Calculate the remainder when 3022 is divided by 662.
374
What is the remainder when 41479 is divided by 28?
11
Calculate the remainder when 24189 is divided by 209.
154
Calculate the remainder when 6079 is divided by 466.
21
Calculate the remainder when 77913 is divided by 70.
3
Calculate the remainder when 780 is divided by 92.
44
Calculate the remainder when 27008 is divided by 474.
464
Calculate the remainder when 2838 is divided by 108.
30
Calculate the remainder when 1651